 223 = -v*n, 25 = -2*m - g*m. What is the tens digit of n?
6
Let y(l) = -l**3 + 19*l**2 - 19*l + 21. Let d be y(18). Let w = d - -1. Suppose 0 = 3*u - u + 2*m - 244, 3*m - 492 = -w*u. What is the hundreds digit of u?
1
Let z(g) = 83*g**3 - 12*g**2 - 1. Let c be z(2). What is the tens digit of (120/50)/(6/c)?
4
Suppose u = 2 - 0. Suppose w + 16*w = 3825. Suppose 7*g - u*g = w. What is the units digit of g?
5
Let b be (-10)/55 + (-730)/(-22). Suppose 4*h + 0 = 16. Suppose -h*u + b = -87. What is the tens digit of u?
3
Suppose -29*o + 26402 = -117438. What is the units digit of o?
0
Let p be (2/4)/((-5)/(-43530)*-3). Let z = 160 - p. What is the thousands digit of z?
1
Suppose 54 = 5*r - 3*u, 5*r = -u - 92 + 134. Let t be (-18076)/(-18) + (-2)/9. Suppose -t = 5*c - r*c. What is the tens digit of c?
5
Let u(j) = -2*j + 10. Let v be u(0). Let o(l) = l**3 - 10*l**2 - 7*l - 15. Let b be o(v). What is the units digit of 4 + -3 + 1 - (2 + b)?
5
Suppose 0*n = 5*l - 3*n - 11, n - 3 = 0. Suppose -6*i - z + 837 = -l*i, 3*i + 2*z - 1253 = 0. What is the tens digit of i?
2
Let y = -9 - -1. Let v be (-1)/4*(y - -8). Suppose v = -z, 7*i - 1060 = 3*i + 3*z. What is the units digit of i?
5
Let l(r) = 44*r**3 - 4*r**2 + 3*r - 4. Let v be l(4). Suppose 10064 - v = 11*h. What is the hundreds digit of h?
6
Suppose 340 = 7*k - 2*k. Suppose -3*g = 4*v + 134, 0*v + k = -2*v - g. Let q = v + 55. What is the tens digit of q?
2
What is the hundreds digit of (-12)/20 - (-226471)/(-35)*-1?
4
Let z = 24013 + -12951. What is the thousands digit of z?
1
Suppose -2*u + 15914 = 2*s, u - 17898 = -2*s - 1981. Suppose 12*f = s + 9176. What is the thousands digit of f?
1
What is the units digit of -2445*((-286)/(-39) + -9)?
5
Suppose -4*p + 81578 = 2*t, p = 48*t - 50*t + 81554. What is the hundreds digit of t?
7
Let l be (-2)/8 - 4647/(-12). Suppose 6*f = f + 5, s + 3*f - 138 = 0. Suppose -6*p - s = -l. What is the units digit of p?
2
Let f(u) = -130*u**3 - 4*u**2 - 4*u + 7. What is the hundreds digit of f(-3)?
4
Suppose 159180 + 8625 = 15*l. What is the units digit of l?
7
Let i(s) = s**2 + 4*s - 1. Let z be i(-3). Let n(m) be the second derivative of m**4/12 + m**3/6 - m**2 - m + 128. What is the tens digit of n(z)?
1
Let u = -1394 - -1506. Suppose -5*d - 63 = 202. Let r = u + d. What is the tens digit of r?
5
Let b = -202 - -202. Suppose b = -2*q + 487 + 139. What is the hundreds digit of q?
3
Let n(w) be the second derivative of 49*w**3/6 - 57*w**2/2 - w - 41. What is the tens digit of n(9)?
8
Let v = -3 + -2. Let s be 3 + (92/20 - 2/v). What is the tens digit of 40/(-32) - (-1482)/s?
8
Suppose 2*w = -5*x + 3, x + 71 = 4*w - 2*x. What is the tens digit of (-200 + 25)*(-40)/w?
0
Let l(q) = 461*q - 1606. What is the tens digit of l(64)?
9
Let b(i) = 4*i**2 - 4*i - 6. Let f be b(-5). Let d = f + 30. What is the tens digit of d?
4
What is the units digit of (-2 + -4)*44557*(-10)/60?
7
Let j = 8572 - 5818. What is the units digit of j?
4
Let w(v) = 26179*v - 3931. What is the ten thousands digit of w(3)?
7
Suppose -1274752 = -55*f + 1280328. What is the thousands digit of f?
6
Suppose 0 = 13*v - 113885 + 4828. Suppose -5*a + v = 2*d, 5*a - 2*a = -4*d + 5025. What is the units digit of a?
9
Let g = 187 - 188. Let l(i) = -20*i + 5. Let t be l(-5). Let s = t - g. What is the units digit of s?
6
Let v be (-3)/(-4 - (-284)/72). Let u(b) = -10*b + 358. Let a be u(36). What is the tens digit of ((-9)/(v/(-2580)))/(a/(-1))?
1
Let d(n) = 53*n**3 - 28*n**2 + 19*n + 12. What is the units digit of d(6)?
6
Suppose 5*r = 2*d + 20603, 2*r - 4*d - 1838 = 6384. What is the hundreds digit of r?
1
Suppose -9*k + 7523 = 1988. What is the units digit of k + (-5)/30 + (-116)/24?
0
Let h(k) = 2*k**3 - 5*k**2 + k - 2. Let d be h(4). Let s = -11 + d. Suppose -38*c = -s*c + 35. What is the tens digit of c?
3
Suppose -3*o - 8 = -20, 3*f + 5*o = 26618. What is the hundreds digit of f?
8
Suppose 0 = -2*b + 2, -2*b + 3522 = 21*z - 19*z. What is the hundreds digit of z?
7
Suppose -607 = -2*h - 4*i + 1055, -5*i = 3*h - 2492. Let q = -361 + h. What is the hundreds digit of q?
4
Let f = -19152 - -27892. What is the hundreds digit of f?
7
Let q be (3/(-7))/((-168)/1960). What is the units digit of 904*((-10)/(-8))/q?
6
Let c(w) = -w**2 - 24*w - 12. Let p be 1/3*-3 + (0 - -1). Suppose -4*l + 2 + 33 = -u, p = 3*u - l + 72. What is the units digit of c(u)?
1
Suppose -17*y + 70 = 36. Suppose -4*f + 0*f + 1115 = b, b - y*f = 1121. What is the thousands digit of b?
1
Let t be (-5 - -5)/3*4/16. Suppose -2*b + t*b + 3*f + 1114 = 0, 3*b - 1665 = 3*f. What is the tens digit of b?
5
Let h(f) = f**3 - f + 2. Let z be h(1). Suppose i - 2205 = -4*i - z*m, 2*i - 2*m - 882 = 0. What is the units digit of i?
1
Let v(z) = 182*z**2 - 8*z + 2*z**3 - 92*z**2 + 6 + 13 - 94*z**2. What is the units digit of v(6)?
9
Suppose 4*i - 4*c + 115 - 855 = 0, 2*i = 5*c + 364. Let o be (-105)/6*(-104)/5. Let l = o - i. What is the hundreds digit of l?
1
Let m(n) = 29*n**2 - 138*n + 67. What is the hundreds digit of m(-14)?
6
Let y(m) = -m - 5. Let w be y(-5). Suppose 9*g = -w*g + 2142. Suppose -68 = 2*p - g. What is the units digit of p?
5
Let p = -423 + 444. Suppose -30*d = -p*d - 7803. What is the hundreds digit of d?
8
What is the thousands digit of 8/(-12) + (-18 - -17 - (-39722)/3)?
3
Let d = 137 - 138. Let h(n) = -118*n**2 - 6*n - 2. Let z(p) = p**2 - p. Let w(o) = -h(o) + 3*z(o). What is the tens digit of w(d)?
2
What is the units digit of (-276)/(-690) + (-3)/((-30)/100966)?
7
Let i(y) = 191*y**3 - 15*y**2 + 5*y - 57. What is the ten thousands digit of i(5)?
2
Let i = -445 + 448. What is the units digit of 328 - (i + -15 - -5)?
5
Suppose -y = 3*n + 7, 5*n + y + 25 = 2*y. Let u be -3 + (-60)/n + -3. Let v(k) = 7*k - 18. What is the units digit of v(u)?
5
Suppose 8*c = -3952 + 52192. Suppose 0 = 33*d - 3*d - c. What is the hundreds digit of d?
2
Let y(r) = -r**3 + 77*r**2 + 187*r - 679. What is the hundreds digit of y(53)?
6
Let f be 8*-2 + -112 + 177. Let s = -16 - -66. Suppose -s*a = -f*a - 223. What is the hundreds digit of a?
2
Suppose -2*w = -m - 3*w - 3, 0 = 3*m - 3*w + 39. What is the tens digit of 89635/(-130)*m/14?
9
What is the units digit of 7298668/156 + (14/(-6) - -4)?
8
Suppose 5080 = 2*g + 4*v, 9*g - 4*v = 5*g + 10196. What is the tens digit of g?
4
Suppose 3*f + 7 - 28 = -4*m, 0 = 3*m - f - 6. Let u = 1412 - 1410. Suppose -3*v + t = -131, m*t - 17 = -v - u*t. What is the units digit of v?
2
What is the ten thousands digit of -8 + 27 + -11 + (4 + 26592 - -3)?
2
Let a(q) = -2*q**2 + q + 6. Let s be a(0). Let u be s + 175/(-30) + (-457)/6. What is the tens digit of (u/(-6))/(40/60)?
1
Let m(t) = 1241*t - 5318. What is the units digit of m(31)?
3
Let x = -3947 + 4755. What is the hundreds digit of x?
8
Let d be 8353 - -2 - (4/(-4) + 2). Let v = d - 4022. What is the tens digit of v/84 + (-4)/7?
5
Suppose -3*z + 25764 = -q, 0 = 16*z - 17*z - 2*q + 8588. What is the tens digit of z?
8
Let n be (-249)/(-12) + 3/12. Let u(j) = -j**3 + 23*j**2 - 28*j - 35. What is the tens digit of u(n)?
5
Let j(q) be the first derivative of q**3/3 + 15*q**2/2 - q - 13. Suppose -40 = 2*x - 2*c, 4*x + 99 - 12 = -3*c. What is the tens digit of j(x)?
2
Suppose 60371 = -11*q + 51*q - 39629. What is the tens digit of q?
0
Suppose -5*f + 72 = -f + 2*o, 2*f - 3*o = 28. Suppose -f*a = -a - 128. What is the tens digit of 261/4*a/(-36)*-12?
7
Let u(c) = c**3 - c. Let o be u(-1). Suppose -w + 83 + 79 = o. Suppose 52*l - 50*l = w. What is the units digit of l?
1
Suppose 0 = -14*w + 7*w + 105. What is the units digit of -2 - ((2 - w) + -1) - 4?
8
What is the thousands digit of -1 - (-10323 - -5) - -3?
0
Let d be -4 - -438 - 1/1. Suppose 0 = -2*t + 591 + d. What is the hundreds digit of t?
5
Let q(x) = 4*x + 296. Let f be q(0). Suppose 0 = -o - o + f. What is the tens digit of o?
4
Let g = -11 - -6. Let l(i) = i**2 - 3*i - 3 - i + i - 20. What is the tens digit of l(g)?
1
Let h = -99 + 130. Let n(b) = -b**3 + 30*b**2 + 32*b + 35. What is the tens digit of n(h)?
6
Let s(m) = 5*m - 4. Let f be s(0). What is the units digit of (-7 - (-13 - f))/((-2)/(-377))?
7
Suppose -5*x = -25, 2*x - 1 + 3 = 3*p. What is the units digit of (p - 1070/(-14)) + 12/(-28)?
0
Suppose -5*a